the remainder when 510 is divided by 197.
116
Calculate the remainder when 6173 is divided by 2052.
17
What is the remainder when 51 is divided by 4?
3
Calculate the remainder when 1974 is divided by 642.
48
Calculate the remainder when 751 is divided by 187.
3
What is the remainder when 3781 is divided by 97?
95
What is the remainder when 25 is divided by 13?
12
What is the remainder when 454 is divided by 128?
70
Calculate the remainder when 41 is divided by 6.
5
Calculate the remainder when 549 is divided by 36.
9
Calculate the remainder when 380 is divided by 77.
72
Calculate the remainder when 301 is divided by 34.
29
What is the remainder when 111 is divided by 17?
9
What is the remainder when 232 is divided by 26?
24
Calculate the remainder when 764 is divided by 114.
80
Calculate the remainder when 384 is divided by 42.
6
Calculate the remainder when 774 is divided by 26.
20
Calculate the remainder when 154 is divided by 25.
4
Calculate the remainder when 83 is divided by 28.
27
Calculate the remainder when 77 is divided by 52.
25
What is the remainder when 182 is divided by 17?
12
What is the remainder when 157 is divided by 59?
39
Calculate the remainder when 69 is divided by 62.
7
Calculate the remainder when 688 is divided by 133.
23
Calculate the remainder when 599 is divided by 219.
161
What is the remainder when 1322 is divided by 329?
6
What is the remainder when 32 is divided by 10?
2
Calculate the remainder when 954 is divided by 912.
42
What is the remainder when 21 is divided by 10?
1
What is the remainder when 149 is divided by 10?
9
What is the remainder when 659 is divided by 22?
21
What is the remainder when 252 is divided by 229?
23
Calculate the remainder when 6916 is divided by 20.
16
Calculate the remainder when 3156 is divided by 20.
16
Calculate the remainder when 191 is divided by 49.
44
What is the remainder when 1290 is divided by 55?
25
What is the remainder when 955 is divided by 96?
91
What is the remainder when 225 is divided by 57?
54
What is the remainder when 219 is divided by 119?
100
Calculate the remainder when 349 is divided by 40.
29
What is the remainder when 1738 is divided by 116?
114
Calculate the remainder when 3362 is divided by 57.
56
Calculate the remainder when 7 is divided by 1.
0
Calculate the remainder when 411 is divided by 46.
43
Calculate the remainder when 4520 is divided by 52.
48
What is the remainder when 624 is divided by 13?
0
Calculate the remainder when 93 is divided by 16.
13
Calculate the remainder when 484 is divided by 70.
64
Calculate the remainder when 92 is divided by 32.
28
What is the remainder when 118 is divided by 31?
25
Calculate the remainder when 163 is divided by 24.
19
What is the remainder when 1126 is divided by 67?
54
Calculate the remainder when 1448 is divided by 97.
90
What is the remainder when 468 is divided by 20?
8
Calculate the remainder when 4046 is divided by 312.
302
What is the remainder when 83 is divided by 73?
10
What is the remainder when 734 is divided by 32?
30
What is the remainder when 328 is divided by 11?
9
Calculate the remainder when 603 is divided by 208.
187
Calculate the remainder when 2654 is divided by 9.
8
Calculate the remainder when 1243 is divided by 14.
11
What is the remainder when 96973 is divided by 22?
19
What is the remainder when 32 is divided by 11?
10
Calculate the remainder when 77 is divided by 40.
37
What is the remainder when 1827 is divided by 133?
98
What is the remainder when 1670 is divided by 667?
336
What is the remainder when 544 is divided by 23?
15
Calculate the remainder when 139 is divided by 10.
9
Calculate the remainder when 51 is divided by 9.
6
Calculate the remainder when 375 is divided by 38.
33
What is the remainder when 524 is divided by 88?
84
Calculate the remainder when 7458 is divided by 97.
86
Calculate the remainder when 146 is divided by 49.
48
What is the remainder when 76 is divided by 29?
18
What is the remainder when 18297 is divided by 25?
22
Calculate the remainder when 104 is divided by 23.
12
What is the remainder when 7148 is divided by 110?
108
What is the remainder when 148 is divided by 79?
69
What is the remainder when 653 is divided by 41?
38
Calculate the remainder when 4117 is divided by 142.
141
What is the remainder when 32 is divided by 11?
10
Calculate the remainder when 206 is divided by 21.
17
What is the remainder when 174 is divided by 22?
20
Calculate the remainder when 160 is divided by 27.
25
What is the remainder when 57 is divided by 15?
12
What is the remainder when 2303 is divided by 766?
5
Calculate the remainder when 232 is divided by 30.
22
What is the remainder when 140 is divided by 9?
5
What is the remainder when 4522 is divided by 116?
114
What is the remainder when 231 is divided by 81?
69
Calculate the remainder when 38 is divided by 21.
17
What is the remainder when 96 is divided by 50?
46
Calculate the remainder when 21059 is divided by 405.
404
Calculate the remainder when 1489 is divided by 17.
10
What is the remainder when 5973 is divided by 14?
9
What is the remainder when 279 is divided by 244?
35
Calculate the remainder when 142 is divided by 30.
22
What is the remainder when 346 is divided by 58?
56
What is the remainder when 339 is divided by 38?
35
What is the remainder when 737 is divided by 6?
5
Calculate the remainder when 10787 is divided by 317.
9
Calculate the remainder when 145 is divided by 21.
19
Calculate the remainder when 21 is divided by 9.
3
Calculate the remainder when 624 is divided by 187.
63
Calculate the remainder when 574 is divided by 12.
10
What is the remainder when 346 is divided by 111?
13
What is the remainder when 4293 is divided by 358?
355
What is the remainder when 582 is divided by 146?
144
Calculate the remainder when 177 is divided by 50.
27
Calculate the remainder when 47 is divided by 24.
23
Calculate the remainder when 50 is divided by 13.
11
Calculate the remainder when 691 is divided by 227.
10
What is the remainder when 664 is divided by 130?
14
What is the remainder when 105 is divided by 57?
48
What is the remainder when 248 is divided by 5?
3
Calculate the remainder when 268 is divided by 5.
3
What is the remainder when 1998 is divided by 162?
54
Calculate the remainder when 3275 is divided by 28.
27
What is the remainder when 102 is divided by 4?
2
What is the remainder when 115 is divided by 25?
15
Calculate the remainder when 2706 is divided by 42.
18
Calculate the remainder when 13 is divided by 9.
4
Calculate the remainder when 128 is divided by 22.
18
What is the remainder when 899 is divided by 45?
44
Calculate the remainder when 18 is divided by 15.
3
What is the remainder when 2324 is divided by 13?
10
What is the remainder when 59 is divided by 54?
5
What is the remainder when 217 is divided by 104?
9
What is the remainder when 210 is divided by 27?
21
Calculate the remainder when 5186 is divided by 39.
38
What is the remainder when 1709 is divided by 54?
35
Calculate the remainder when 10025 is divided by 127.
119
What is the remainder when 3363 is divided by 18?
15
What is the remainder when 289 is divided by 99?
91
What is the remainder when 55504 is divided by 17?
16
What is the remainder when 124 is divided by 41?
1
What is the remainder when 891 is divided by 47?
45
Calculate the remainder when 993 is divided by 278.
159
What is the remainder when 528 is divided by 14?
10
Calculate the remainder when 388 is divided by 99.
91
What is the remainder when 244 is divided by 36?
28
Calculate the remainder when 196 is divided by 59.
19
What is the remainder when 528 is divided by 7?
3
What is the remainder when 246 is divided by 84?
78
Calculate the remainder when 1698 is divided by 70.
18
What is the remainder when 97 is divided by 49?
48
What is the remainder when 561 is divided by 150?
111
Calculate the remainder when 74 is divided by 30.
14
What is the remainder when 15869 is divided by 256?
253
What is the remainder when 112 is divided by 51?
10
Calculate the remainder when 427 is divided by 89.
71
What is the remainder when 239 is divided by 30?
29
Calculate the remainder when 4751 is divided by 6.
5
What is the remainder when 3023 is divided by 25?
23
Calculate the remainder